/203)?
2, 29
Let x(m) be the third derivative of m**5/15 + 2*m**2. Let z be x(-1). What are the prime factors of (-102)/(-9) + z/6?
2, 3
Let n(y) = -y + 12. Let l be n(5). Suppose -27 = -x + l. List the prime factors of x.
2, 17
Let v be -2 + 1 + (-6 - -8). Suppose 2*u - 2*t + 2 = 14, -3*u = t - 2. Suppose -3*a = -2*s - 25, v + 18 = u*a + s. List the prime factors of a.
3
Let q = -43 + 83. What are the prime factors of q?
2, 5
Suppose -54 = 2*a - 178. What are the prime factors of a?
2, 31
List the prime factors of 3/(-3) - -199 - 4.
2, 97
List the prime factors of (-2)/(-13) - 724/(-26).
2, 7
Let q = -104 + 240. What are the prime factors of q?
2, 17
Let a(t) = -5*t. Suppose -5*k = -2*f - 11, 3*f - 8 = -2. Let l(v) = 6*v - 1. Let d(m) = k*l(m) + 2*a(m). What are the prime factors of d(2)?
13
Let d = -250 - -357. Let y = d + -72. What are the prime factors of y?
5, 7
Let a(j) = -j**3 - 8*j**2 - 7*j + 3. Let f(q) = 2*q**3 + q**2 - q + 1. Let i be f(1). Suppose -i*m - 21 = -0*m. List the prime factors of a(m).
3
Let t(a) = a**3 + 4*a**2 + a + 1. Let q(o) = -2*o**2 + 3*o - 1. Let g be (-12)/(-5) + (-4)/10. Let i be q(g). What are the prime factors of t(i)?
7
Let p(t) = -t**3 - 9*t**2 - 8*t + 9. Let v be p(-8). Suppose a = v + 5. List the prime factors of a.
2, 7
Suppose 0 = -w + 43 + 37. Suppose 4*a - 208 = 4*k - w, -2*a - 5*k + 92 = 0. What are the prime factors of a?
2, 3
List the prime factors of 4965/25 + 6/15.
199
Suppose -h + 4 = -2*u, 2*h - 2*u = -1 + 9. Suppose n = 2*n - 10. Suppose -n = -h*y - y. List the prime factors of y.
2
Suppose 5 = -5*y + 35. Suppose 3*k = -y + 18. Suppose 8*i - k*i - w - 21 = 0, 5*w = 15. List the prime factors of i.
2, 3
Let v be 1/(-2)*4 - -1. Let n be (1*-3)/(v + 0). Suppose -9 - n = -2*d. What are the prime factors of d?
2, 3
Let g(b) = -b**2. Let j be g(2). What are the prime factors of (-84)/(-3 - 1) + j?
17
Let f(r) = -r**3 + 4*r**2 + 6*r - 3. Let h be f(5). Suppose 2*c - 2*k + 4 = 5*c, -h = 3*c - k. What are the prime factors of (-4)/(-2 - (0 - c))?
2
Let q(h) = -123*h + 4. What are the prime factors of q(-2)?
2, 5
Let s(i) = i**3 - 11*i**2 - 8*i + 6. What are the prime factors of s(12)?
2, 3
Let o = -17 - -9. What are the prime factors of 150/8 + (-2)/o?
19
Let h(v) = 2*v + 0*v - v + 9. Let j be h(-5). Suppose j = w - 7. What are the prime factors of w?
11
Let g(c) = -c**3 + 9*c**2 - 5*c + 4. What are the prime factors of g(7)?
67
List the prime factors of (3 - (-42 + 2))*1.
43
Suppose 17*s - 133 = 10*s. List the prime factors of s.
19
Let f be (-3 - (0 + 0)) + -4. Let w(c) = -2*c - 1. List the prime factors of w(f).
13
Suppose 152 + 753 = 5*x. List the prime factors of x.
181
Let b = 3 + -4. List the prime factors of b - (-1 - (2 + 14)).
2
Let d(b) = -b - 6. Let u be d(-6). Suppose 6*g - 21 = -3*v + 2*g, -4*g + 3 = -3*v. Suppose -3*z = -3, 2*x - z - 20 - v = u. What are the prime factors of x?
2, 3
Suppose 2*s - 64 = -2*s. Let x = -7 + s. List the prime factors of (-32)/(-3) - 6/x.
2, 5
Suppose 4*h - 4*s - 52 = 0, -2*h - 3*s = 3*h - 89. Suppose h = d - 0*j - 3*j, 5*j + 48 = 3*d. List the prime factors of d.
2
Let p(d) be the second derivative of -d**5/20 - 5*d**4/12 - d**3/6 + 2*d**2 + 9*d. List the prime factors of p(-6).
2, 23
Suppose 0 = -0*k + 5*k. Suppose k = -3*x + 5*x - 12. Suppose -9 = -5*m + x. What are the prime factors of m?
3
Let t(o) = -o**3 + 7*o**2 - 5*o + 12. List the prime factors of t(5).
37
Let z = 6 + -2. Suppose 38 = z*w - 74. Suppose 5*y + 13 = w. List the prime factors of y.
3
Let w(c) = 2*c**2 + 2*c - 1. Let k be 2*3/(-2) + -1. List the prime factors of w(k).
23
Suppose -4*g = 3*h, 0 = -3*h - 2*g - 0*g + 6. What are the prime factors of ((-11)/h)/((-2)/8)?
11
Let j(m) be the second derivative of -m**5/20 - m**4/4 + m**3 + 7*m**2/2 + 2*m. List the prime factors of j(-5).
3
Let i(f) = -f**2 + 8*f - 6. Let u be i(6). Suppose 3*z - 18 = u*z. What are the prime factors of 13 - (z + 3 + 1)?
3, 5
Let w = -59 - -114. What are the prime factors of w?
5, 11
List the prime factors of 151/5 - (-8)/(-40).
2, 3, 5
Let o(h) = -h**3 - 7*h**2 - h - 3. List the prime factors of o(-7).
2
Let o(u) = -2*u**2 + u - 7. Let a(q) = 5*q**2 - q + 15. Let h(y) = 3*a(y) + 7*o(y). List the prime factors of h(-6).
2
Suppose 2*n - 2*o - 336 = -2*n, 2*n - 180 = 4*o. List the prime factors of n.
2, 41
Let j = -5 + 9. Suppose -j*c + 10 + 2 = 0. What are the prime factors of c?
3
Suppose m - 7 = -4. List the prime factors of 4/(m + 0 + -2).
2
Let d(p) = p + 49. List the prime factors of d(0).
7
Let v = 11 + -2. Let n be ((-24)/v)/(4/(-6)). Suppose -n*y + 47 = 3. What are the prime factors of y?
11
Let j = 2 + 0. Suppose h - 3*u = 9, 5*h + j*u + 5 = -1. Suppose -3*m + 9 - 3 = h, 0 = 4*d + 4*m - 20. What are the prime factors of d?
3
Let q(a) = 21*a + 1. Let g be q(1). Let m = 14 + -8. Suppose 0 = 4*t - m - g. List the prime factors of t.
7
Let s be 3*3/(2 - -1). Let g(r) = 3*r - 4. Let m be g(s). Suppose -m*z - 1 = -16. What are the prime factors of z?
3
What are the prime factors of 0 + (10*6 - 3)?
3, 19
Suppose -2*q - 3*q - 10 = 5*l, -24 = -4*q + 4*l. Suppose 0 = 3*r + q*r + 3*m - 56, -2*m + 24 = 2*r. What are the prime factors of r?
2, 5
Let g(k) = -106*k - 1. List the prime factors of g(-1).
3, 5, 7
Let d(g) = -g + 3. Let o be d(2). What are the prime factors of (-200)/(-16) + o/2?
13
List the prime factors of (-15 + 17)/(1 - (-155)/(-157)).
157
Suppose -2*l + 6*l = -52. Let z = 21 + l. What are the prime factors of z?
2
Let l(r) = -2*r**3 - 2*r**2 + 3*r + 2. Let k be l(-2). Suppose -7 = k*z - 79. What are the prime factors of z?
2, 3
What are the prime factors of (9/4)/(15/760)?
2, 3, 19
Let f(i) = -i + 4. Let z be f(-7). Suppose 0 = 3*x - 53 + z. List the prime factors of x.
2, 7
Let x(t) = 7*t + 2. Let h be x(-4). What are the prime factors of h/(-3) - 7/(-21)?
3
Let t be -4*1/2 + 0. List the prime factors of (-14)/(t - -2 - 2).
7
Suppose 5*k + 78 = -12. List the prime factors of (-1 + k)*(-2 - -1).
19
Let u = -28 - -56. List the prime factors of u.
2, 7
Let j(v) = -9 - 13*v + 18*v - 3*v. List the prime factors of j(9).
3
Let h = 401 + -164. List the prime factors of h.
3, 79
Let y = 4 + -5. Let m = -2 - y. Let x(a) = -10*a + 1. What are the prime factors of x(m)?
11
Let g(m) = 38*m + 1. Let c(s) = -s**3 + 2*s**2 - s + 1. Let v be c(1). Let b be g(v). Let y = b + -24. What are the prime factors of y?
3, 5
Suppose 5*q - 19 = 2*u - u, 2*q - 3*u = 18. Suppose -7*n + q*d + 18 = -2*n, -2 = 3*n - 5*d. What are the prime factors of n?
2, 3
Let k = -2 - -22. Let l = k + -1. What are the prime factors of l?
19
Suppose 2*u + 5*p - p - 2 = 0, -4*p + 5 = u. Let h = 0 - 1. Let t = h - u. What are the prime factors of t?
2
Let b = -28 - -33. Let t = 17 - -3. Suppose -2*j = 3*l - l - t, 50 = b*l - j. What are the prime factors of l?
2, 5
Let y(u) = u - 8. Let w be y(6). What are the prime factors of 5 - (-3 - (w + -1))?
5
Suppose -460 = -7*w + 2*w. List the prime factors of w.
2, 23
Suppose 2*i = 2*c + 6*i - 200, -5*i = -2*c + 173. List the prime factors of c.
2, 47
Suppose 24 = 4*g - 340. What are the prime factors of g?
7, 13
Let u(r) = r**3 - 4*r**2 - 2*r + 1. Let w be u(4). Let l(p) = -p**2 - 10*p + 3. What are the prime factors of l(w)?
2, 3
Suppose 2*i + 3*i = 0. Suppose -5*a + a = l + 1, 4*l + 4 = 5*a. Suppose m + i*m - 11 = a. List the prime factors of m.
11
Suppose 5*x - 38 = -3. Suppose -1 + x = v. List the prime factors of v.
2, 3
Let o(x) be the third derivative of -x**4/12 + 4*x**3/3 + 2*x**2. List the prime factors of o(-5).
2, 3
Suppose 2*g = 27 + 101. What are the prime factors of g?
2
Let c(r) = 2*r**2 - 4*r + 7. Let h be c(6). Suppose -4*k = 12, -4*k = -5*a + 17 + h. List the prime factors of a.
2, 3
Let d(p) = -2*p**2 + p**3 - 3 - p + p**2 + 0*p**2. What are the prime factors of d(3)?
2, 3
Let o(l) = l**2 + 5. What are the prime factors of o(-3)?
2, 7
Suppose 5*w - 20 = 4*d, -4*w + 6*w + 5*d - 8 = 0. Let l = -83 - -104. Suppose 56 = w*u - 2*a, 5*u = -2*a + 67 + l. What are the prime factors of u?
2
Suppose -4*z = -6*z + 50. What are the prime factors of z?
5
Suppose 4 = -4*u + 16. Suppose -6*s + 60 = -u*s. What are the prime factors of s?
2, 5
Suppose -2*c = n - 32, 6*c = 5*n + 2*c - 188. List the pr